{"id":391,"date":"2023-04-19T09:03:59","date_gmt":"2023-04-19T09:03:59","guid":{"rendered":"https:\/\/zimmermann-bremen.eu\/?page_id=391"},"modified":"2023-04-19T09:15:40","modified_gmt":"2023-04-19T09:15:40","slug":"agb","status":"publish","type":"page","link":"https:\/\/zimmermann-bremen.eu\/?page_id=391","title":{"rendered":"AGB"},"content":{"rendered":"\t\t<div data-elementor-type=\"wp-page\" data-elementor-id=\"391\" class=\"elementor elementor-391\">\n\t\t\t\t\t\t\t\t\t<section class=\"elementor-section elementor-top-section elementor-element elementor-element-ecb947f elementor-section-boxed elementor-section-height-default elementor-section-height-default\" data-id=\"ecb947f\" data-element_type=\"section\">\n\t\t\t\t\t\t<div class=\"elementor-container elementor-column-gap-default\">\n\t\t\t\t\t<div class=\"elementor-column elementor-col-100 elementor-top-column elementor-element elementor-element-c4db325\" data-id=\"c4db325\" data-element_type=\"column\">\n\t\t\t<div class=\"elementor-widget-wrap elementor-element-populated\">\n\t\t\t\t\t\t\t\t<div class=\"elementor-element elementor-element-559f85a elementor-widget elementor-widget-heading\" data-id=\"559f85a\" data-element_type=\"widget\" data-widget_type=\"heading.default\">\n\t\t\t\t<div class=\"elementor-widget-container\">\n\t\t\t<style>\/*! elementor - v3.12.1 - 02-04-2023 *\/\n.elementor-heading-title{padding:0;margin:0;line-height:1}.elementor-widget-heading .elementor-heading-title[class*=elementor-size-]>a{color:inherit;font-size:inherit;line-height:inherit}.elementor-widget-heading .elementor-heading-title.elementor-size-small{font-size:15px}.elementor-widget-heading .elementor-heading-title.elementor-size-medium{font-size:19px}.elementor-widget-heading .elementor-heading-title.elementor-size-large{font-size:29px}.elementor-widget-heading .elementor-heading-title.elementor-size-xl{font-size:39px}.elementor-widget-heading .elementor-heading-title.elementor-size-xxl{font-size:59px}<\/style><h2 class=\"elementor-heading-title elementor-size-default\">AGB<\/h2>\t\t<\/div>\n\t\t\t\t<\/div>\n\t\t\t\t\t<\/div>\n\t\t<\/div>\n\t\t\t\t\t\t\t<\/div>\n\t\t<\/section>\n\t\t\t\t<section class=\"elementor-section elementor-top-section elementor-element elementor-element-79adc74 elementor-section-boxed elementor-section-height-default elementor-section-height-default\" data-id=\"79adc74\" data-element_type=\"section\">\n\t\t\t\t\t\t<div class=\"elementor-container elementor-column-gap-default\">\n\t\t\t\t\t<div class=\"elementor-column elementor-col-100 elementor-top-column elementor-element elementor-element-2538fae\" data-id=\"2538fae\" data-element_type=\"column\">\n\t\t\t<div class=\"elementor-widget-wrap elementor-element-populated\">\n\t\t\t\t\t\t\t\t<div class=\"elementor-element elementor-element-572b8be elementor-widget elementor-widget-text-editor\" data-id=\"572b8be\" data-element_type=\"widget\" data-widget_type=\"text-editor.default\">\n\t\t\t\t<div class=\"elementor-widget-container\">\n\t\t\t<style>\/*! elementor - v3.12.1 - 02-04-2023 *\/\n.elementor-widget-text-editor.elementor-drop-cap-view-stacked .elementor-drop-cap{background-color:#69727d;color:#fff}.elementor-widget-text-editor.elementor-drop-cap-view-framed .elementor-drop-cap{color:#69727d;border:3px solid;background-color:transparent}.elementor-widget-text-editor:not(.elementor-drop-cap-view-default) .elementor-drop-cap{margin-top:8px}.elementor-widget-text-editor:not(.elementor-drop-cap-view-default) .elementor-drop-cap-letter{width:1em;height:1em}.elementor-widget-text-editor .elementor-drop-cap{float:left;text-align:center;line-height:1;font-size:50px}.elementor-widget-text-editor .elementor-drop-cap-letter{display:inline-block}<\/style>\t\t\t\t<p>Allgemeine Gesch\u00e4ftsbedingungen der Richd. Zimmermann KG (GmbH &amp; Co.) f\u00fcr den Webshop<\/p><p>(Stand: 1. Januar 2010)\u00a0<\/p><ol><li>Geltungsbereich<\/li><\/ol><p>(1) \u00a0\u00a0\u00a0\u00a0\u00a0 Dieser Webshop bietet ausschlie\u00dflich Gewerbetreibenden und Selbst\u00e4ndigen (&#8222;Kunden&#8220;) die M\u00f6glichkeit, ihren Bedarf an B\u00fcroartikeln f\u00fcr berufliche bzw. gewerbliche Zwecke \u00fcber das Internet zu bestellen.<\/p><p>(2) \u00a0\u00a0\u00a0\u00a0\u00a0 Die Allgemeinen Gesch\u00e4ftsbedingungen gelten f\u00fcr alle Bestellungen des Kunden \u00fcber diesen Webshop. Richd. Zimmermann KG (GmbH &amp; Co.) erbringt alle Lieferungen und Leistungen ausschlie\u00dflich nach diesen Allgemeinen Gesch\u00e4ftsbedingungen in der zum Zeitpunkt der Bestellung g\u00fcltigen Fassung. Allgemeine Gesch\u00e4ftsbedingungen des Kunden gelten nicht.<\/p><ol start=\"2\"><li>Registrierung<\/li><\/ol><p>Kunden, die zum ersten Mal im Webshop eine Bestellung aufgeben wollen, m\u00fcssen sich vorher registrieren. Zur Registrierung muss das Registrierungsformular vom Kunden vollst\u00e4ndig ausgef\u00fcllt werden. Der Kunde garantiert, dass die von ihm angegebenen Informationen, insbesondere zu seiner gewerblichen oder selbst\u00e4ndigen T\u00e4tigkeit, wahr und vollst\u00e4ndig sind. \u00c4nderungen wird der Kunde unverz\u00fcglich mitteilen.<\/p><ol start=\"3\"><li>Kennwort<\/li><\/ol><p>Jeder Kunde gibt in dem Registrierungsformular seinen Benutzernamen an. Au\u00dferdem gibt sich jeder Kunde ein von ihm gew\u00e4hltes Kennwort. Bestellungen k\u00f6nnen nur unter Verwendung von Benutzernamen und Kennwort aufgegeben werden. Der Kunde verpflichtet sich, daf\u00fcr Sorge zu tragen, dass der Benutzername und das Kennwort vor unberechtigtem Zugriff Dritter gesch\u00fctzt werden.<\/p><ol start=\"4\"><li>Vertragsschluss<\/li><\/ol><p>(1) \u00a0\u00a0\u00a0\u00a0\u00a0 Die Bestellung des Kunden ist ein bindendes Angebot. Der Vertrag kommt mit der Zusendung der bestellten Ware zustande oder bereits zuvor, wenn der Kunde eine Auftragsbest\u00e4tigung erh\u00e4lt. Die Zusendung der bestellten Ware oder die Auftragsbest\u00e4tigung erfolgen in der Regel binnen 5 Werktagen. Die elektronische Eingangsbest\u00e4tigung, die der Kunde nach Absendung der Bestellung erh\u00e4lt, gilt nicht als Auftragsbest\u00e4tigung, sondern best\u00e4tigt nur das vollst\u00e4ndige Ausf\u00fcllen der Eingabemaske und den Eingang der Bestellung bei Richd. Zimmermann KG (GmbH &amp; Co.).<\/p><p>(2) \u00a0\u00a0\u00a0\u00a0\u00a0 Richd. Zimmermann KG (GmbH &amp; Co.)\u00a0 beh\u00e4lt sich vor, eine Bestellung auch nach Zugang einer etwaigen gesondert erfolgenden Auftragsbest\u00e4tigung bei dem Kunden zu stornieren (R\u00fccktrittsvorbehalt), falls er von dem Hersteller oder Vorlieferanten der bestellten Ware nicht, nicht richtig oder nicht rechtzeitig beliefert wird, Richd. Zimmermann KG (GmbH &amp; Co.)\u00a0 dieser Umstand bei Absendung der Auftragsbest\u00e4tigung nicht bekannt war und er ihn auch nicht zu vertreten hat.<\/p><p>(3) \u00c4nderungen und Irrt\u00fcmer bei der Preisangabe im Onlineshop bleiben vorbehalten. Die Abbildungen sind den bestellten Waren \u00e4hnlich.<\/p><ol start=\"5\"><li>Zahlung<\/li><\/ol><p>(1) \u00a0\u00a0\u00a0\u00a0\u00a0 Alle angegebenen Preise sind als Nettopreise (ohne Mehrwertsteuer) ausgewiesen. Die von dem Kunden zu entrichtenden Preise verstehen sich zuz\u00fcglich der gesetzlichen Mehrwertsteuer. Zahlungen erfolgen unverz\u00fcglich nach Lieferung ohne Abzug an uns. Gezahlt wird per Rechnung, Nachnahme oder Lastschrift. Zur Absicherung des Kreditrisikos behalten wir uns entsprechend der jeweiligen Bonit\u00e4t vor, die von Ihnen erbetene Lieferung nur gegen Zahlung per Nachnahme oder Lastschrift durchzuf\u00fchren.<\/p><p>(2) \u00a0\u00a0\u00a0\u00a0\u00a0 Ab einem Bestellwert von 65,00 EUR (exkl. MwSt.) ist der Versand kostenfrei. Bis zu dieser Summe wird eine Versandkostenpauschale in H\u00f6he von 6.90 EUR zzgl. gesetzlicher MwSt. erhoben. Kosten f\u00fcr die Lieferungen auf Deutsche Inseln und au\u00dferhalb Deutschland abweichend. Kosten auf Anfrage. F\u00fcr Bestellungen unter dem Mindestbestellwert von 45,00 EUR wird ein Mindermengenzuschlag von 6,50 EUR zzgl. gesetzlicher MwSt. erhoben. Die Versicherungskosten je Bestellung betragen pauschal 1,95 EUR zzgl. gesetzlicher MwSt.<\/p><p>Zahlt der Kunde trotz F\u00e4lligkeit nicht, so ist der geschuldete Betrag mit 8 % \u00fcber dem jeweils geltenden Basiszinssatz gem. \u00a7 247 Abs. 1 BGB zu verzinsen.\u00a0\u00a0\u00a0\u00a0\u00a0\u00a0\u00a0\u00a0\u00a0 <\/p><ol start=\"6\"><li>Eigentumsvorbehalt<\/li><\/ol><p>S\u00e4mtliche gelieferten Waren bleiben bis zur vollst\u00e4ndigen Bezahlung aller Forderungen aus der Gesch\u00e4ftsverbindung Eigentum der Richd. Zimmermann KG (GmbH &amp; Co.).<\/p><ol start=\"7\"><li>Lieferung &#8211; Lieferzeitangaben<\/li><\/ol><p>Wir beliefern Sie so schnell wie m\u00f6glich. Dies gilt unter dem Vorbehalt, dass wir selbst richtig und rechtzeitig beliefert werden und eine fehlende Verf\u00fcgbarkeit der Ware nicht zu vertreten haben. Richd. Zimmermann KG (GmbH &amp; Co.) verpflichtet sich, den Kunden unverz\u00fcglich \u00fcber die Nichtverf\u00fcgbarkeit zu informieren und ggfs. schon erbrachte Leistungen des Kunden sofort zur\u00fcckzugew\u00e4hren. Zur Lieferung der Waren d\u00fcrfen wir uns eines Dritten bedienen.<\/p><ol start=\"8\"><li>Erf\u00fcllungsort<\/li><\/ol><p>Erf\u00fcllungsort ist Bremen<\/p><ol start=\"9\"><li>M\u00e4ngelanspr\u00fcche<\/li><\/ol><p>Der Kunde ist verpflichtet, die Ware auf offensichtliche M\u00e4ngel &#8211; auch Transportsch\u00e4den \u2013 unverz\u00fcglich nach Empfang zu pr\u00fcfen und M\u00e4ngel oder Sch\u00e4den Richd. Zimmermann KG (GmbH &amp; Co.)\u00a0 per E-Mail an folgende Adresse verkauf@bueropolis.de\u00a0 mitzuteilen. Die Gew\u00e4hrleistungsfrist betr\u00e4gt zwei (2) Jahre ab Lieferung der Ware \u2013 auf Verarbeitungs- und Materialm\u00e4ngel. Auf entsprechend gekennzeichnete Artikel bieten wir Ihnen eine verl\u00e4ngerte Garantiezeit. Ausgeschlossen sind die \u00fcbliche Abnutzung sowie M\u00e4ngel, die auf unsachgem\u00e4\u00dfe Behandlung der gelieferten Ware zur\u00fcckzuf\u00fchren sind.\u00a0 Innerhalb der Gew\u00e4hrleistungsfrist ist Richd. Zimmermann KG (GmbH &amp; Co.)\u00a0 im Fall von M\u00e4ngeln an der Ware zun\u00e4chst berechtigt, nach seiner Wahl kostenlosen Ersatz zu liefern oder nachzubessern. Eine Reparatur oder Austausch verl\u00e4ngern die Garantie- bzw. Gew\u00e4hrleistungsfrist nicht, ma\u00dfgeblich hierf\u00fcr ist das urspr\u00fcngliche Kaufdatum. Schl\u00e4gt die Nachbesserung oder -lieferung fehl, kann der Kunde Minderung verlangen oder nach seiner Wahl vom Vertrag zur\u00fccktreten.<\/p><ol start=\"10\"><li>R\u00fcckgaberecht<\/li><\/ol><p>30 Tage R\u00fcckgaberecht.<\/p><p>Sollte ein bestellter Artikel einmal nicht Ihren Erwartungen entsprechen, k\u00f6nnen Sie Ihn selbstverst\u00e4ndlich an uns zur\u00fccksenden. Dabei gehen wir \u00fcber das gesetzliche R\u00fcckgaberecht deutlich hinaus. Bei uns haben Sie 30 Tage R\u00fcckgaberecht! Ausgenommen hiervon sind wie immer Software- und Technikprodukte, bei denen das Originalsiegel ge\u00f6ffnet ist. Nat\u00fcrlich muss die Ware unbenutzt, ohne Gebrauchsspuren und in unbesch\u00e4digter Originalverpackung bei uns eintreffen. Bei der R\u00fccksendung nicht paketversandf\u00e4higer Ware (z.B. sperriger G\u00fcter) sind wir Ihnen gerne behilflich, setzen Sie sich bitte einfach vorab mit uns in Verbindung.<\/p><ol start=\"11\"><li>Haftung<\/li><\/ol><p>Die Haftung von Richd. Zimmermann KG (GmbH &amp; Co.), gleich ob aus vertraglicher Pflichtverletzung oder unerlaubter Handlung bestimmt sich abschlie\u00dfend nach den folgenden Regelungen:<\/p><p>(1) Richd. Zimmermann KG (GmbH &amp; Co.)\u00a0 haftet gegen\u00fcber seinen Kunden f\u00fcr Sch\u00e4den aus der schuldhaften Verletzung des Lebens, des K\u00f6rpers oder der Gesundheit unbeschr\u00e4nkt. F\u00fcr sonstige Sch\u00e4den haftet Richd. Zimmermann KG (GmbH &amp; Co.)\u00a0 nur, wenn der Schaden von Richd. Zimmermann KG (GmbH &amp; Co.), seinen gesetzlichen Vertretern oder Erf\u00fcllungsgehilfen vors\u00e4tzlich oder grob fahrl\u00e4ssig verursacht worden ist.<\/p><p>(2) Richd. Zimmermann KG (GmbH &amp; Co.)\u00a0 haftet dar\u00fcber hinaus bei leicht fahrl\u00e4ssiger Verletzung vertragswesentlicher Pflichten (solche Pflichten, deren Erf\u00fcllung die ordnungsgem\u00e4\u00dfe Durchf\u00fchrung des Vertrages \u00fcberhaupt erst erm\u00f6glichen und auf deren Einhaltung der Kunde regelm\u00e4\u00dfig vertrauen darf). Bei leicht fahrl\u00e4ssiger Verletzung einer vertragswesentlichen Pflicht ist die Haftung von Richd. Zimmermann KG (GmbH &amp; Co.) der H\u00f6he nach begrenzt auf solche vertragstypische Sch\u00e4den, mit deren Entstehen \u00fcblicherweise im Schadensfall gerechnet werden kann.<\/p><p>Liegen im Einzelfall keine anderweitigen Anhaltspunkte vor, ist dies der dreifache Warenwert.<\/p><p>(3) Die Haftung von Richd. Zimmermann KG (GmbH &amp; Co.) nach dem Produkthaftungsgesetz bleibt unber\u00fchrt (\u00a7 14 ProdHG).<\/p><ol start=\"12\"><li>Datenschutz<\/li><\/ol><p>Die uns \u00fcbermittelten Daten (Name, Adresse, E-Mail-Adresse, Telefon-, Faxnummer) werden unter Beachtung des geltenden Datenschutzrechtes nur in dem Ma\u00dfe erhoben, verarbeitet und genutzt in dem dies f\u00fcr die Begr\u00fcndung, Ausgestaltung oder \u00c4nderung des Vertragsverh\u00e4ltnisses, dessen Durchf\u00fchrung\u00a0 oder den Beleg der Erbringung der geschuldeten Leistung des Vertrages zwischen dem Kunden und Richd. Zimmermann KG (GmbH &amp; Co.)\u00a0 erforderlich ist. Die im Rahmen der elektronischen Bestellung angegebenen Daten werden erforderlichenfalls von uns auf elektronischem Wege direkt an das von uns beauftragte Distributions-Unternehmen weitergeleitet, um eine m\u00f6glichst schnelle Auslieferung der Ware zu erreichen.<\/p><p>Dar\u00fcber hinaus \u00fcbermitteln wir Adress- und sog. Negativdaten an die Firma Soennecken LogServe GmbH, welche diese anderen Mitgliedsunternehmen der Genossenschaft zur Beurteilung Ihrer Kreditw\u00fcrdigkeit und Zahlungsf\u00e4higkeit zur Verf\u00fcgung stellt. Der Kunde willigt ein, dass seine Daten in dem vorstehend beschriebenen Umfang von Richd. Zimmermann KG (GmbH &amp; Co.)\u00a0 erhoben (auch mittels Cookies), gespeichert und weitergeleitet werden. Der Kunde kann seine Einwilligung jederzeit und ohne Angabe von Gr\u00fcnden widerrufen. Der Widerruf ist per E-Mail an folgende Adresse zu senden: verkauf@bueropolis.de<\/p><ol start=\"13\"><li>Aufrechnung, Zur\u00fcckbehaltung<\/li><\/ol><p>Nur unbestrittene oder rechtskr\u00e4ftig festgestellte Forderungen berechtigen den Kunden zur Aufrechnung oder Zur\u00fcckbehaltung.\u00a0<\/p><ol start=\"14\"><li>Anwendbares Recht, Gerichtsstand<\/li><\/ol><p>F\u00fcr die sich aus der Bestellung ergebenden Rechtsbeziehungen gelten allein die Bestimmungen des deutschen Rechts unter Ausschluss des UN-Kaufrechts. Alleiniger Gerichtsstand f\u00fcr alle sich aus diesem Vertragsverh\u00e4ltnis ergebenden Streitigkeiten ist Bremen. Richd. Zimmermann KG (GmbH &amp; Co.)\u00a0 ist jedoch berechtigt, seine Anspr\u00fcche auch am Sitz des Kunden gerichtlich geltend zu machen.<\/p><ol start=\"15\"><li>Salvatorische Klausel<\/li><\/ol><p>Sollte eine der vorstehenden Bestimmungen unwirksam sein oder werden, wird dadurch die Wirksamkeit der \u00fcbrigen Bestimmungen nicht ber\u00fchrt. Beide Vertragsparteien sind verpflichtet, eine dem urspr\u00fcnglich wirtschaftlich gewollten Zweck der unwirksamen Bestimmung m\u00f6glichst nahekommende Regelung zu treffen; dies gilt entsprechend auch f\u00fcr Regelungsl\u00fccken.<\/p><p>\u00a0<\/p>\t\t\t\t\t\t<\/div>\n\t\t\t\t<\/div>\n\t\t\t\t\t<\/div>\n\t\t<\/div>\n\t\t\t\t\t\t\t<\/div>\n\t\t<\/section>\n\t\t\t\t\t\t\t<\/div>\n\t\t","protected":false},"excerpt":{"rendered":"<p>AGB Allgemeine Gesch\u00e4ftsbedingungen der Richd. Zimmermann KG (GmbH &amp; Co.) f\u00fcr den Webshop (Stand: 1. Januar 2010)\u00a0 Geltungsbereich (1) \u00a0\u00a0\u00a0\u00a0\u00a0 Dieser Webshop bietet ausschlie\u00dflich Gewerbetreibenden und Selbst\u00e4ndigen (&#8222;Kunden&#8220;) die M\u00f6glichkeit, ihren Bedarf an B\u00fcroartikeln f\u00fcr berufliche bzw. gewerbliche Zwecke \u00fcber das Internet zu bestellen. (2) \u00a0\u00a0\u00a0\u00a0\u00a0 Die Allgemeinen Gesch\u00e4ftsbedingungen gelten f\u00fcr alle Bestellungen des Kunden&hellip;&nbsp;<a href=\"https:\/\/zimmermann-bremen.eu\/?page_id=391\" class=\"\" rel=\"bookmark\">Weiterlesen &raquo;<span class=\"screen-reader-text\">AGB<\/span><\/a><\/p>\n","protected":false},"author":1,"featured_media":0,"parent":0,"menu_order":0,"comment_status":"closed","ping_status":"closed","template":"page-templates\/template-pagebuilder-full-width.php","meta":{"neve_meta_sidebar":"","neve_meta_container":"","neve_meta_enable_content_width":"","neve_meta_content_width":0,"neve_meta_title_alignment":"","neve_meta_author_avatar":"","neve_post_elements_order":"","neve_meta_disable_header":"","neve_meta_disable_footer":"","neve_meta_disable_title":"","_themeisle_gutenberg_block_has_review":false,"_ti_tpc_template_sync":false,"_ti_tpc_template_id":"","footnotes":""},"class_list":["post-391","page","type-page","status-publish","hentry"],"yoast_head":"<!-- This site is optimized with the Yoast SEO plugin v20.5 - https:\/\/yoast.com\/wordpress\/plugins\/seo\/ -->\n<title>AGB - Zimmermann Bremen<\/title>\n<meta name=\"robots\" content=\"index, follow, max-snippet:-1, max-image-preview:large, max-video-preview:-1\" \/>\n<link rel=\"canonical\" href=\"https:\/\/zimmermann-bremen.eu\/?page_id=391\" \/>\n<meta property=\"og:locale\" content=\"de_DE\" \/>\n<meta property=\"og:type\" content=\"article\" \/>\n<meta property=\"og:title\" content=\"AGB - Zimmermann Bremen\" \/>\n<meta property=\"og:description\" content=\"AGB Allgemeine Gesch\u00e4ftsbedingungen der Richd. Zimmermann KG (GmbH &amp; Co.) f\u00fcr den Webshop (Stand: 1. Januar 2010)\u00a0 Geltungsbereich (1) \u00a0\u00a0\u00a0\u00a0\u00a0 Dieser Webshop bietet ausschlie\u00dflich Gewerbetreibenden und Selbst\u00e4ndigen (&#8222;Kunden&#8220;) die M\u00f6glichkeit, ihren Bedarf an B\u00fcroartikeln f\u00fcr berufliche bzw. gewerbliche Zwecke \u00fcber das Internet zu bestellen. (2) \u00a0\u00a0\u00a0\u00a0\u00a0 Die Allgemeinen Gesch\u00e4ftsbedingungen gelten f\u00fcr alle Bestellungen des Kunden&hellip;&nbsp;Weiterlesen &raquo;AGB\" \/>\n<meta property=\"og:url\" content=\"https:\/\/zimmermann-bremen.eu\/?page_id=391\" \/>\n<meta property=\"og:site_name\" content=\"Zimmermann Bremen\" \/>\n<meta property=\"article:modified_time\" content=\"2023-04-19T09:15:40+00:00\" \/>\n<meta name=\"twitter:card\" content=\"summary_large_image\" \/>\n<meta name=\"twitter:label1\" content=\"Gesch\u00e4tzte Lesezeit\" \/>\n\t<meta name=\"twitter:data1\" content=\"8\u00a0Minuten\" \/>\n<script type=\"application\/ld+json\" class=\"yoast-schema-graph\">{\"@context\":\"https:\/\/schema.org\",\"@graph\":[{\"@type\":\"WebPage\",\"@id\":\"https:\/\/zimmermann-bremen.eu\/?page_id=391\",\"url\":\"https:\/\/zimmermann-bremen.eu\/?page_id=391\",\"name\":\"AGB - Zimmermann Bremen\",\"isPartOf\":{\"@id\":\"https:\/\/zimmermann-bremen.eu\/#website\"},\"datePublished\":\"2023-04-19T09:03:59+00:00\",\"dateModified\":\"2023-04-19T09:15:40+00:00\",\"breadcrumb\":{\"@id\":\"https:\/\/zimmermann-bremen.eu\/?page_id=391#breadcrumb\"},\"inLanguage\":\"de\",\"potentialAction\":[{\"@type\":\"ReadAction\",\"target\":[\"https:\/\/zimmermann-bremen.eu\/?page_id=391\"]}]},{\"@type\":\"BreadcrumbList\",\"@id\":\"https:\/\/zimmermann-bremen.eu\/?page_id=391#breadcrumb\",\"itemListElement\":[{\"@type\":\"ListItem\",\"position\":1,\"name\":\"Startseite\",\"item\":\"https:\/\/zimmermann-bremen.eu\/\"},{\"@type\":\"ListItem\",\"position\":2,\"name\":\"AGB\"}]},{\"@type\":\"WebSite\",\"@id\":\"https:\/\/zimmermann-bremen.eu\/#website\",\"url\":\"https:\/\/zimmermann-bremen.eu\/\",\"name\":\"Zimmermann Bremen\",\"description\":\"\",\"publisher\":{\"@id\":\"https:\/\/zimmermann-bremen.eu\/#organization\"},\"potentialAction\":[{\"@type\":\"SearchAction\",\"target\":{\"@type\":\"EntryPoint\",\"urlTemplate\":\"https:\/\/zimmermann-bremen.eu\/?s={search_term_string}\"},\"query-input\":\"required name=search_term_string\"}],\"inLanguage\":\"de\"},{\"@type\":\"Organization\",\"@id\":\"https:\/\/zimmermann-bremen.eu\/#organization\",\"name\":\"Zimmermann Bremen\",\"url\":\"https:\/\/zimmermann-bremen.eu\/\",\"logo\":{\"@type\":\"ImageObject\",\"inLanguage\":\"de\",\"@id\":\"https:\/\/zimmermann-bremen.eu\/#\/schema\/logo\/image\/\",\"url\":\"https:\/\/zimmermann-bremen.eu\/wp-content\/uploads\/2023\/04\/cropped-RZ_Logo_4-500x300-1.jpg\",\"contentUrl\":\"https:\/\/zimmermann-bremen.eu\/wp-content\/uploads\/2023\/04\/cropped-RZ_Logo_4-500x300-1.jpg\",\"width\":321,\"height\":160,\"caption\":\"Zimmermann Bremen\"},\"image\":{\"@id\":\"https:\/\/zimmermann-bremen.eu\/#\/schema\/logo\/image\/\"}}]}<\/script>\n<!-- \/ Yoast SEO plugin. -->","yoast_head_json":{"title":"AGB - Zimmermann Bremen","robots":{"index":"index","follow":"follow","max-snippet":"max-snippet:-1","max-image-preview":"max-image-preview:large","max-video-preview":"max-video-preview:-1"},"canonical":"https:\/\/zimmermann-bremen.eu\/?page_id=391","og_locale":"de_DE","og_type":"article","og_title":"AGB - Zimmermann Bremen","og_description":"AGB Allgemeine Gesch\u00e4ftsbedingungen der Richd. Zimmermann KG (GmbH &amp; Co.) f\u00fcr den Webshop (Stand: 1. Januar 2010)\u00a0 Geltungsbereich (1) \u00a0\u00a0\u00a0\u00a0\u00a0 Dieser Webshop bietet ausschlie\u00dflich Gewerbetreibenden und Selbst\u00e4ndigen (&#8222;Kunden&#8220;) die M\u00f6glichkeit, ihren Bedarf an B\u00fcroartikeln f\u00fcr berufliche bzw. gewerbliche Zwecke \u00fcber das Internet zu bestellen. (2) \u00a0\u00a0\u00a0\u00a0\u00a0 Die Allgemeinen Gesch\u00e4ftsbedingungen gelten f\u00fcr alle Bestellungen des Kunden&hellip;&nbsp;Weiterlesen &raquo;AGB","og_url":"https:\/\/zimmermann-bremen.eu\/?page_id=391","og_site_name":"Zimmermann Bremen","article_modified_time":"2023-04-19T09:15:40+00:00","twitter_card":"summary_large_image","twitter_misc":{"Gesch\u00e4tzte Lesezeit":"8\u00a0Minuten"},"schema":{"@context":"https:\/\/schema.org","@graph":[{"@type":"WebPage","@id":"https:\/\/zimmermann-bremen.eu\/?page_id=391","url":"https:\/\/zimmermann-bremen.eu\/?page_id=391","name":"AGB - Zimmermann Bremen","isPartOf":{"@id":"https:\/\/zimmermann-bremen.eu\/#website"},"datePublished":"2023-04-19T09:03:59+00:00","dateModified":"2023-04-19T09:15:40+00:00","breadcrumb":{"@id":"https:\/\/zimmermann-bremen.eu\/?page_id=391#breadcrumb"},"inLanguage":"de","potentialAction":[{"@type":"ReadAction","target":["https:\/\/zimmermann-bremen.eu\/?page_id=391"]}]},{"@type":"BreadcrumbList","@id":"https:\/\/zimmermann-bremen.eu\/?page_id=391#breadcrumb","itemListElement":[{"@type":"ListItem","position":1,"name":"Startseite","item":"https:\/\/zimmermann-bremen.eu\/"},{"@type":"ListItem","position":2,"name":"AGB"}]},{"@type":"WebSite","@id":"https:\/\/zimmermann-bremen.eu\/#website","url":"https:\/\/zimmermann-bremen.eu\/","name":"Zimmermann Bremen","description":"","publisher":{"@id":"https:\/\/zimmermann-bremen.eu\/#organization"},"potentialAction":[{"@type":"SearchAction","target":{"@type":"EntryPoint","urlTemplate":"https:\/\/zimmermann-bremen.eu\/?s={search_term_string}"},"query-input":"required name=search_term_string"}],"inLanguage":"de"},{"@type":"Organization","@id":"https:\/\/zimmermann-bremen.eu\/#organization","name":"Zimmermann Bremen","url":"https:\/\/zimmermann-bremen.eu\/","logo":{"@type":"ImageObject","inLanguage":"de","@id":"https:\/\/zimmermann-bremen.eu\/#\/schema\/logo\/image\/","url":"https:\/\/zimmermann-bremen.eu\/wp-content\/uploads\/2023\/04\/cropped-RZ_Logo_4-500x300-1.jpg","contentUrl":"https:\/\/zimmermann-bremen.eu\/wp-content\/uploads\/2023\/04\/cropped-RZ_Logo_4-500x300-1.jpg","width":321,"height":160,"caption":"Zimmermann Bremen"},"image":{"@id":"https:\/\/zimmermann-bremen.eu\/#\/schema\/logo\/image\/"}}]}},"_links":{"self":[{"href":"https:\/\/zimmermann-bremen.eu\/index.php?rest_route=\/wp\/v2\/pages\/391","targetHints":{"allow":["GET"]}}],"collection":[{"href":"https:\/\/zimmermann-bremen.eu\/index.php?rest_route=\/wp\/v2\/pages"}],"about":[{"href":"https:\/\/zimmermann-bremen.eu\/index.php?rest_route=\/wp\/v2\/types\/page"}],"author":[{"embeddable":true,"href":"https:\/\/zimmermann-bremen.eu\/index.php?rest_route=\/wp\/v2\/users\/1"}],"replies":[{"embeddable":true,"href":"https:\/\/zimmermann-bremen.eu\/index.php?rest_route=%2Fwp%2Fv2%2Fcomments&post=391"}],"version-history":[{"count":4,"href":"https:\/\/zimmermann-bremen.eu\/index.php?rest_route=\/wp\/v2\/pages\/391\/revisions"}],"predecessor-version":[{"id":410,"href":"https:\/\/zimmermann-bremen.eu\/index.php?rest_route=\/wp\/v2\/pages\/391\/revisions\/410"}],"wp:attachment":[{"href":"https:\/\/zimmermann-bremen.eu\/index.php?rest_route=%2Fwp%2Fv2%2Fmedia&parent=391"}],"curies":[{"name":"wp","href":"https:\/\/api.w.org\/{rel}","templated":true}]}}